.
-9
Let c(x) = x**3 + 26*x**2 - 54*x + 53. Let m = 20175 + -20203. Determine c(m).
-3
Let b(y) be the first derivative of -y**4/4 + 23*y**3/3 - 10*y**2 - 32*y - 89. Determine b(22).
12
Let b be 12/2*((-25)/10)/(-5). Let c(f) = -22*f - 5. Calculate c(b).
-71
Let q(g) = 5*g - 95. Let v(h) = 203*h**2 - 2638*h + 5. Let u be v(13). Give q(u).
-5
Let u(t) = -4*t + 1. Let x(s) = s. Suppose -5*i - 17 = 53. Let b(v) = -v**2 + 14*v - 17. Let l be b(13). Let m(g) = i*x(g) + l*u(g). Give m(6).
8
Let j be 6/5 + (-1464)/1220. Let v(z) = -25*z - 30. What is v(j)?
-30
Let h(r) be the second derivative of -r**5/20 - 7*r**4/12 + 7*r**3/6 + 23*r**2 + 831*r - 2. Give h(-7).
-3
Let d = -2139 - -2129. Let j(c) = -c**2 - 9*c + 9. Determine j(d).
-1
Suppose 63 = 5*n + 4*a, 1 + 0 = n - 5*a. Let d(p) = 3*p + p**3 - 4*p - 11*p**2 - 3 + 6. What is d(n)?
-8
Let j(a) = a**2 - 9*a + 17. Let w = -16948 + 16958. What is j(w)?
27
Let v(q) be the first derivative of -3*q**2/2 + 7*q + 3142. What is v(5)?
-8
Let l = -8 + 2. Let z = 2 + l. Let w(d) = -23*d - 16*d + 1 + 3 - 20*d + 65*d. Determine w(z).
-20
Let q(z) be the second derivative of -5*z**4/12 + 40*z**3/3 + z**2/2 - 188*z. Calculate q(16).
1
Let y = -627 - -418. Let r = y - -205. Let c(g) = -2*g - 4. Determine c(r).
4
Let j(s) = -16*s + 6. Let a(o) = -5*o + 1. Let y(c) = 3*a(c) - j(c). Suppose -3*g - 5*q + 1 = 41, 4*q = 4*g. What is y(g)?
-8
Suppose 5*k = 2*k. Let t(x) = -x**3 - 21*x**2 - 2*x - 40. Let r be t(-21). Suppose k = r*o + 41 - 19. Let c(z) = z**3 + 11*z**2 - z - 10. Calculate c(o).
1
Let q(h) = 22 + 85*h**2 - 272*h**2 + 90*h**2 + 3*h + 96*h**2. Give q(0).
22
Suppose 5*s = 25, 61 = f + f - s. Suppose -9 = 7*p + f. Let j(u) = -64*u - u**2 - 6 + 56*u - 1. Give j(p).
5
Suppose 6*m - 2*f = 2*m - 30, 2*m + 3*f + 11 = 0. Let a(t) = 12*t**3 - 41 - 8*t**2 + 3*t - 10*t - 24*t**3 + 11*t**3 + 44. Give a(m).
3
Let l(a) = -77*a + 82*a - 26330 + 26382. Calculate l(-15).
-23
Let m(n) = 25*n. Let l(d) = -4*d + 5. Let v(s) = -s - 1. Let p(j) = -l(j) - 5*v(j). Let g(h) = -4*m(h) + 11*p(h). Determine g(-2).
2
Let k(a) = a**3 - 5*a**2 - 6*a + 3. Suppose -4*v - m + 0*m - 10 = 0, 5*v - 5*m = -25. Let y be (-2)/v*-3*-3. Let f be k(y). Let x(s) = 5*s - 4. Give x(f).
11
Let a be 3/4*(-35 + 15). Let d(z) = 5*z**3 - 3*z**2 + z. Let r(n) = -14*n**3 + 25*n**2 + 13*n + 8. Let g(c) = 3*d(c) + r(c). Determine g(a).
-7
Let h(i) = i - 9. Let a(c) = -4*c - 3. Let v(g) = 2*g + 1. Let u(j) = -4*a(j) - 5*v(j). Let n be u(0). Determine h(n).
-2
Let j(r) = -2*r - 35. Let m(h) = 15*h + 269. Let w(v) = -47*j(v) - 6*m(v). Determine w(-13).
-21
Let b(r) = -27*r**2 - 39*r - 9. Let n(f) = 12*f**2 + 19*f + 5. Let u(d) = 3*b(d) + 7*n(d). Give u(-5).
3
Let k = -82 - -76. Let s be 18/(((-9)/k)/3 - -1). Let b(x) = x - 16. Determine b(s).
-4
Let y be ((-8)/(-18))/(12/54) + 0. Let g(c) = 2*c**2 - c**y + 6*c - 5 - 13*c + 0. Determine g(8).
3
Let s be (276/230)/(3/25). Let u be 10/s*(7 + 0). Let p(x) = 4*x + 7 - x - 2*x. Calculate p(u).
14
Suppose -2*n - 62*d + 21 = -59*d, 4*n + 5*d - 37 = 0. Let p be 2 + (-3 - -2) + 4. Let b(o) = 0 + 4 + o - p - 2*o**2 + 3. Determine b(n).
-13
Let w(l) = -l**3 + 5*l**2 + 5*l + 3. Suppose -p + 2 = o - 7, -3*p = -2*o + 3. Let c be w(o). Let d(u) = 0*u**2 + 1745 + 2*u**2 - 1744 + u**3. Give d(c).
-8
Let m be (31 - 25)/2 - (-1 + 4 - 0). Let l(t) = 7*t**2 - 2*t - 14. Determine l(m).
-14
Let y be (-230)/184 - (-14)/(-8). Let w(c) = -2*c + 0*c + 27 - 16 - 17. Calculate w(y).
0
Let x(s) = -3*s - 4. Let z(a) = a + 1. Let h(t) = t - 1. Let v(o) = -h(o) + 6*z(o). Let q(m) = -4*v(m) - 7*x(m). Let f be -1*(10/6 - 868/186). What is q(f)?
3
Suppose -93*z = -95*z + 36. Let u be 3 + 6/(-12)*z. Let g(h) = 2*h**2 + 11*h - 2. Determine g(u).
4
Let x(i) = 6*i + 21. Let t be x(-3). Let y(u) = 0*u**t - 5*u**2 + 3*u + 7 - 12*u + u**3. Calculate y(6).
-11
Let z = -204 - -217. Suppose -5*q + q + 2*n = 4, 3*q - 4*n + z = 0. Let t(m) = 11*m**2 + m - 1. Calculate t(q).
11
Let b(a) = -2*a**2 - 4*a - 3. Let s be 276/27 + -5 - (-2)/(-9). Suppose j - s*x = -26, 0 = 5*x + 6 - 31. Let q be 4*j/(-4)*-2 - 0. What is b(q)?
-3
Let v(r) be the third derivative of -r**4/8 - 23*r**3/2 - 691*r**2. What is v(-16)?
-21
Let c be ((1 + -2)*1)/(52/(-312)). Let d(y) = -2289*y**2 + 5*y + 5*y + 2288*y**2 - c. Let f be (-1)/(-4) - 35/(-4). Calculate d(f).
3
Let x be ((-22)/(-6))/(5/15). Let k(l) = 1. Let c(u) = u + 1. Let g(q) = x*k(q) - 4*c(q). Determine g(3).
-5
Let b(a) = -a**3 + a + 5. Suppose 0*c = c + 4*p + 50, -p - 230 = 4*c. Let h = 63 + c. Suppose 2*o - 3*j = 0, -h*j + 3*j = 0. Calculate b(o).
5
Let s(z) be the second derivative of -z**5/20 + 13*z**4/12 - 2*z**3/3 + 11*z**2/2 - 289*z - 3. What is s(13)?
-41
Let g(q) = -q + 8. Let p(c) = c + 20. Let x be p(-6). Let d(b) = -b**2 + b - 11*b - 20 + x*b**2 - b**3. Let k be d(12). What is g(k)?
4
Let h(u) = 0 + 3*u**2 - 6 + 18*u + 28 - 82*u. What is h(21)?
1
Let g(x) = -x + 7. Suppose -1287*i = -1284*i - 12. Determine g(i).
3
Suppose -24 = 4*o - 5*j, -o = -3*o - 6*j - 12. Let w(s) = -2*s**3 - 13*s**2 - 3*s - 1. Determine w(o).
-19
Suppose -5*w - 5 = -n - 1, -3*w - 4 = -n. Let q(m) = 2*m. Let b(i) = -i + 1. Let d(j) = -2*j + 11. Let k be d(5). Let r(t) = k*q(t) + 6*b(t). Determine r(n).
-10
Let v(b) = -2*b - 2. Let o(i) be the second derivative of -3*i**3/2 - 11*i**2 - 34*i. Let c be o(-3). Let y = c + -7. Calculate v(y).
2
Let r(w) = -w**2 - 56*w - 382. Let a be r(0). Let t = a + 394. Let d(k) = k**3 - 11*k**2 - 12*k - 4. What is d(t)?
-4
Let n(u) = -18*u**2 - 30*u**2 + 2*u**3 - 4 + 63*u**2 + 12*u - 6 - 27*u**2. Determine n(5).
0
Suppose 655 = 13*q + 629. Suppose m - 17 = -4*a, q*m - 25 = 65*a - 70*a. Let n(r) = -2*r**3 + 2*r**2 - 3*r**3 + 4*r**3. What is n(a)?
-9
Let u(r) = 58*r - 32*r - 33*r + 41. Calculate u(7).
-8
Let t = -8 + 13. Suppose -z + 5*n + 7 = 0, 6*n - 2*n + 8 = 2*z. Let d(y) = -4*y + 37 - 18 + y**z - 23. Determine d(t).
1
Let t(s) = -4*s - 101. Suppose -2 = 19*o - 17*o, 4*x - 2*o = -86. Determine t(x).
-13
Let u(r) = -2*r**2 - 1. Let z(p) = 2*p**2 - p + 3. Let n(d) = -5*u(d) - 3*z(d). Suppose 4*h + 31*j + 8 = 29*j, -3*j = -5*h - 21. Calculate n(h).
23
Let c(n) = -7*n**3 - 2*n**2 - 134 + 3*n**3 - 2*n + 134. Calculate c(-2).
28
Suppose 0 = 9*y + 905 - 1823. Suppose -w + y = 5*w. Let o(u) = u**3 - 17*u**2 - u + 16. Determine o(w).
-1
Let f(w) = 15*w + 7394 - 15276 + 7418. Give f(32).
16
Suppose 37*i = 24*i + 13. Let q(j) = 2*j - 1. Let v(l) = -99*l + 45. Let t(d) = i*v(d) + 45*q(d). Let m(p) = -p**3 + p**2 - 1. Let y be m(0). Calculate t(y).
9
Let b be -4 + 0/((-2 + 0)/(-1)). Let o(c) be the third derivative of -c**4/6 - c**3/3 - 41*c**2. Calculate o(b).
14
Let q(u) = -3*u**2 + 3*u + 2. Let t(c) = c**3 - 6*c**2 - 14*c - 19. Let f be t(8). Let o = 1 + -5. Let m be (-1)/f*0 + (-1 - o). Determine q(m).
-16
Let v(s) = s**3 - 11*s**2 + 12*s + 6. Let y(k) = -k**2 + k**2 - 11*k - k**2 - 11*k - 75. Let r be y(-17). Calculate v(r).
26
Let s(q) = -q**2 - 9*q + 14. Let m = 3168 + -3179. What is s(m)?
-8
Suppose -2*g + 6*k + 1 = 17, -g = -5*k + 18. Let o(m) = -m**2 + 17*m - 15. Calculate o(g).
55
Suppose 0 = 133*t - 138*t - 3*w + 18, 4*w + 2 = 2*t. Let d(n) = n + 1. Let l be d(1). Let g(c) = -l*c**3 - 4*c**2 - c + 3*c + 3*c**3 + 2. Calculate g(t).
-1
Let m(y) = 27*y + 145. Let r be m(15). Let h = r + -547. Let k(f) = 2*f - 9. Calculate k(h).
-3
Let f be 170/(-4 + 4 + 2). Let h be (-1)/5*-2 + 391/f. Let p(z) = -z**2 + z**3 - h*z**2 - 2 + 2*z + z**2 + 3*z**2. Determine p(3).
13
Let w = -48 + 55. Let q(c) = 54*c - 30*c - 22*c + w. Suppose 4*l + 22 = -2*p, -3*l - 2*p = p + 15. Determine q(l).
-5
Suppose -11*j - 3*j + 256 = 2*j. Let k(m) = m**3 - 15*m**2 - 15*m + 12. Give k(j).
28
Let i(z) = 2*z - 2. Suppose -3*p = -8*p + x + 1127, 2*p = 2*x + 446. Let s = 222 - p. What is i(s)?
-10
Let a = -2336 - -2328. Let s(c) = 2*c + 12. Determine s(a).
-4
Suppose -3*j - 4*n + 27 = n, -36 = -4*j + n. Let w(m) = -3*m**2 - 8*m + 13. Let r(i) = i**2 - 1. Let g(p) = -4*r(p) - w(p). Calculate g(j).
-18
Let c(r) be the first derivative of -r**4/4 - 4*r**3/3 + 5*r**2/2 - 7*r - 1106. Suppose -5*f = -0*f + 25. Calculate c(f).
-7
Let f(d) = 5*d + 8. Let k(a) = 45*a - 633. Let w be k(14). Give f(w).
-7
Let z(w) = -6*w - 2*w**2 - w**3 + 1 + 0*w**3 - 7 